50
Let c be ((-10)/25)/(6/(-1335)) - -1. Calculate the greatest common divisor of c and 630.
90
Suppose 42 = 2*l - 154. Let i = 438 - 424. Calculate the greatest common factor of l and i.
14
Suppose 43 = -30*f + 703. Let o(n) = n + 5. Let m be o(-3). Calculate the greatest common divisor of m and f.
2
Let z = 557 - 511. Calculate the greatest common factor of z and 253.
23
Suppose -4*n + 3*g = -5232, -4033 - 2506 = -5*n + 4*g. Calculate the highest common factor of 46 and n.
23
Let z = -517 + 524. What is the highest common divisor of z and 56?
7
Let h be ((-327)/(-18) + 15/(-90))*30. What is the highest common factor of h and 20?
20
Let m(r) = 110*r - 428. Let x be m(4). Calculate the greatest common factor of 87 and x.
3
Suppose 3*f + 6 = i, 5*f = -38 + 58. Let t = 13 - -5. What is the highest common divisor of i and t?
18
Let f(j) = 3*j + 7. Let c be f(15). Let s(l) = c*l - 2 - 55*l - 6. Let y be s(-7). Calculate the greatest common factor of 91 and y.
13
Suppose 2*o + 5*a - 184 = 8*a, -2*a - 368 = -4*o. Let s be 16/(-6)*(-39)/2. Suppose -o = -3*x + s. What is the highest common factor of x and 6?
6
Let c be (-200)/15*153/(-68). What is the greatest common factor of c and 285?
15
Suppose -9*r - r = -1020. Calculate the highest common factor of r and 459.
51
Let y be (-4 + 4)/(5 - 3). Suppose -l - 2*l - 36 = y. Let w be 122/5 - l/(-30). What is the highest common divisor of w and 60?
12
Let m(b) = -2*b**3 - 3*b**2 - 2*b - 4. Let c be m(-2). Suppose c*a = 2*a + 26. What is the greatest common factor of a and 13?
13
Suppose 180 = -5*d - q, 3*d = -3*q + 4*q - 100. Let c be ((-2)/4 - d/6)*3. Calculate the highest common factor of c and 4.
4
Let m be 70/14 + -7 + 2. Suppose 5*b - 6*f + 2*f - 31 = 0, -3*b - 2*f + 1 = m. Calculate the greatest common divisor of b and 3.
3
Suppose -2*m = 4*s - 34, 2*s - 55 = -5*m - 2*s. Suppose -2*b - m = 3, -2*b = -2*a + 20. Calculate the highest common factor of 50 and a.
5
Suppose -5*a - 65 = -3*j, -2*j - a - 3*a = -14. Let y be j*1/(3/2). Suppose -g + 2*f + 2 = 0, -g - f = -4 - y. What is the highest common factor of 4 and g?
2
Let w = -330 + 335. Calculate the greatest common factor of w and 405.
5
Let w be 133/21 - (-3)/(-9). Suppose 3*l - 153 = -w*l. Calculate the greatest common divisor of 51 and l.
17
Suppose -i = -4*i + 42. Suppose -5*o = -16 - i. What is the greatest common factor of 4 and o?
2
Let w be (-1)/((-25)/1770) - (-1)/5. Calculate the highest common divisor of 2 and w.
1
Let t(i) = 3*i**2 - 86*i - 3. Let r be t(29). Calculate the highest common factor of r and 2.
2
Let d be (-6)/(126/(-33) + 4). Let a = d + 44. Calculate the greatest common divisor of a and 22.
11
Suppose 21*v - 264 = 72. What is the greatest common factor of 6 and v?
2
Let g(j) = -j**3 - 14*j**2 - 15*j - 16. Let m be g(-13). Let l be (m/4)/(4/104). Calculate the highest common divisor of 26 and l.
13
Let p = -578 - -787. Calculate the greatest common divisor of 76 and p.
19
Suppose 1 = 3*i - 23. Suppose -p + i = 5. What is the greatest common divisor of 3 and p?
3
Let t(x) = x**2 + x + 15. Let l be t(6). Let d be 270/14 + (-22)/77. What is the highest common factor of l and d?
19
Let g be (1 - 0) + 0 + 0. Let n be (-147)/(-35)*(4 - -1). Let o = n - 17. Calculate the highest common divisor of g and o.
1
Suppose -67 = -5*l - d, l = 4*d + 8 - 3. Suppose -l*u + 2*u = -242. What is the highest common divisor of u and 99?
11
Let i be ((-1)/(-2))/((-5)/50). Let r be 54/i*(-50)/15. Let d = -50 - -54. Calculate the highest common divisor of d and r.
4
Let i be (-30)/150 - 502/(-10). Let x = 59 - i. What is the highest common factor of x and 9?
9
Suppose 4*s - 97 = 3*g, -55 = -4*s + 4*g + 41. What is the highest common divisor of 675 and s?
25
Let f = -11 + 396. Calculate the highest common divisor of 70 and f.
35
Let u = -10 - -14. Let l(v) = -v**2 + 51*v + 1076. Let q be l(-16). What is the greatest common factor of q and u?
4
Let h(f) = 4*f - 2. Let n(k) = k**2 - 16*k - 7. Let v be n(17). Let r be h(v). What is the greatest common factor of r and 95?
19
Let i = 199 - 104. What is the greatest common divisor of 5 and i?
5
Let r(g) = -92*g**2 - 223*g + 2. Let k be r(-2). Suppose -f + 16 = 2*c, 4*f + f = -2*c + 56. Calculate the greatest common factor of f and k.
10
Suppose -3*i + p + 13 = -7, 0 = -4*i - p + 15. Let g(t) = 4*t + 15. Let b be g(i). Calculate the highest common factor of b and 14.
7
Let d = 667 + 966. Calculate the greatest common factor of d and 23.
23
Suppose -t - 4*t - 40 = 0. Let f = t - -14. Suppose -2*y + 41 = 3*a, -4*y - 83 = -f*a + a. Calculate the greatest common factor of a and 10.
5
Let p = 16 + -11. Suppose 2*z + 2*j = 12, 2*z + p*j - 8 = 4. Suppose -z*n + 13 + 23 = 0. What is the highest common factor of 24 and n?
6
Let l be 136/(-10)*(-25)/10. Suppose -4*f + 98 - l = -2*y, y - 76 = -4*f. Calculate the greatest common divisor of f and 162.
18
Suppose -35*f = -32*f - 4*r - 46, -2*f + 24 = -4*r. What is the highest common divisor of 363 and f?
11
Let f be (-1)/(-5) - (6966/45)/(-6). Let z(x) = 288*x - 6 + 0 + 4. Let g be z(1). Calculate the highest common factor of f and g.
26
Let a be (-3 - -3) + 0 + 1. Suppose 2*x - 14 = -2*s, -3 - 10 = -4*x + s. Calculate the highest common divisor of a and x.
1
Let l(k) = k + 39. Let a be l(-9). Calculate the highest common divisor of 240 and a.
30
Let y(d) = d**2 - 2*d - 7. Let q be y(5). Let h = 150 - 142. Calculate the greatest common divisor of h and q.
8
Let z be 6/9*(3 + 0/(-2)). Suppose 0 = -2*t - z*i + 84, -4*i - 2 = 6. What is the greatest common factor of 308 and t?
44
Let a(p) = -4*p + 15*p - p + p**2 + 2*p + 39. Let o be a(-5). Calculate the highest common factor of o and 32.
4
Let t(w) = 3*w**2 - w. Let j be t(1). Suppose j*h + 46 = 2*r, 0 = r - 0*r + 5*h - 5. Calculate the greatest common factor of 10 and r.
10
Suppose 11*g = -k + 10*g + 433, 16 = 4*g. What is the greatest common divisor of 39 and k?
39
Suppose 3*f - 17 = 79. Suppose -k - k - 3*r + 34 = 0, 4*k = 3*r + f. What is the highest common divisor of k and 88?
11
Let c be -1 - (-10 + (-1 - 0)). Suppose -84*t - 3860 = -94*t. Suppose 0 = t*i - 387*i + 10. Calculate the greatest common divisor of i and c.
10
Suppose -4*z + 53 = -27. Let u(f) = 31*f - 68. Let s be u(8). Calculate the highest common factor of z and s.
20
Suppose 24 + 4 = 4*o. Let f(a) = -o*a - 2 + 9*a - 1 + 4*a**2. Let v be f(3). What is the greatest common divisor of v and 13?
13
Let d be 105/28*-2*-6. What is the greatest common divisor of 54 and d?
9
Let f = 115 + -105. Calculate the highest common divisor of 15 and f.
5
Let r be (-2 + 4/(-8))*-12. Suppose 0 = 6*c - 7*c + 30. Calculate the greatest common factor of c and r.
30
Suppose 0 = -q - 1 + 2, 4*q - 550 = -3*b. What is the highest common divisor of b and 28?
14
Suppose -15*d - 112 = -29*d. Calculate the highest common divisor of d and 40.
8
Suppose 2 = -4*n - 2, 3*j = 5*n + 44. Calculate the highest common divisor of j and 4979.
13
Let m(s) = -4*s**3 - 3*s**2 - s - 3. Let y be m(-3). Let x be (-148)/7 - (5 - 108/21). Let a = x + 30. Calculate the greatest common factor of a and y.
9
Let g(c) = -1 - 2*c**2 + 6*c**2 + 6 + c**3 + 6*c**2. Let u be g(-10). What is the greatest common factor of u and 40?
5
Suppose 3*r + 74 = 5*z + 2*r, 86 = 5*z - 4*r. Suppose -s + 3*g + 15 = 0, -3*s + 2*g - z = -73. Calculate the greatest common divisor of 63 and s.
21
Suppose -20*p + 16227 = -55493. What is the greatest common factor of p and 22?
22
Let m = 85 + 3. Let c be 18/117 - (-186)/(-26). Let n = 4 - c. What is the highest common factor of m and n?
11
Let q(s) = 13*s + 187. Let k be q(-13). What is the highest common factor of 522 and k?
18
Suppose 0 = -9*k + 224 - 35. What is the greatest common factor of 28 and k?
7
Let c = -466 + 526. Calculate the highest common divisor of c and 105.
15
Suppose 38 = 10*i - 7*i + 5*x, 2*i = -x + 16. Suppose -2*z = 3*b - 2, 0 = 5*b - 2*z + 3*z - 15. What is the highest common divisor of i and b?
2
Let n(h) = -12*h + 8. Let v be n(-3). Suppose 0*i + v = 4*i. What is the highest common divisor of 22 and i?
11
Let n be (-3 - 48/(-40))*-30. What is the highest common divisor of n and 12?
6
Let f(u) = -u + 46. Let d be f(-8). Calculate the highest common facto